atest common divisor of 92584 and 180056?
568
Calculate the highest common factor of 606 and 1801822.
2
What is the greatest common divisor of 2981704 and 657448?
2728
Calculate the greatest common divisor of 413559366 and 6.
6
Calculate the highest common factor of 2529451 and 201.
67
What is the highest common divisor of 2990 and 1040260?
130
What is the highest common divisor of 42255 and 2055?
15
Calculate the highest common divisor of 34911232 and 16480.
3296
What is the greatest common factor of 416 and 597961?
13
Calculate the greatest common factor of 30 and 2228997.
3
Calculate the greatest common factor of 1482 and 1150431.
57
What is the greatest common divisor of 2992 and 619608?
88
What is the highest common factor of 4 and 27587786?
2
Calculate the highest common factor of 5567 and 11329431.
293
Calculate the greatest common factor of 592555 and 410.
5
What is the highest common factor of 623454827 and 1?
1
Calculate the highest common divisor of 90997618 and 2458.
2458
What is the highest common factor of 63 and 141737274?
63
What is the greatest common divisor of 8 and 530635808?
8
Calculate the highest common divisor of 884 and 2817308.
884
What is the greatest common factor of 106085 and 42973?
49
Calculate the highest common factor of 1393156 and 33212.
1748
Calculate the highest common divisor of 28738052 and 42.
14
What is the greatest common factor of 281 and 133071484?
281
Calculate the greatest common factor of 30 and 150442340.
10
What is the highest common divisor of 23360 and 1070180?
1460
Calculate the highest common divisor of 113706 and 53658.
18
What is the greatest common divisor of 1391472 and 2664?
72
What is the highest common factor of 8416265 and 77?
11
Calculate the greatest common divisor of 249716320 and 16.
16
What is the highest common factor of 253532 and 302696?
964
What is the greatest common factor of 9524853 and 377?
13
What is the greatest common divisor of 240 and 399080?
40
What is the greatest common factor of 2837448 and 64?
8
Calculate the greatest common divisor of 41724 and 2177883.
549
What is the highest common factor of 1947500 and 526604?
3116
Calculate the highest common factor of 17062958 and 154.
22
What is the highest common divisor of 25 and 141631225?
25
Calculate the highest common factor of 4640 and 5249013920.
4640
What is the greatest common factor of 13 and 133601117?
13
Calculate the highest common factor of 432 and 59979312.
432
What is the highest common factor of 13915332 and 24?
12
Calculate the greatest common factor of 245772939 and 6267.
6267
What is the greatest common divisor of 2528 and 13400454?
158
Calculate the greatest common divisor of 3985 and 233615.
5
What is the greatest common divisor of 130 and 29079726?
26
What is the highest common factor of 346608 and 11376?
144
What is the greatest common divisor of 189504 and 574?
14
Calculate the highest common factor of 49398207 and 6.
3
Calculate the highest common divisor of 3592 and 1268584.
8
What is the highest common factor of 7735492 and 2108?
124
What is the greatest common divisor of 84820 and 256?
4
What is the greatest common factor of 235571310 and 36?
18
Calculate the highest common divisor of 1884696 and 53336.
472
Calculate the greatest common factor of 1828908 and 5533.
503
What is the highest common divisor of 2126289744 and 4272?
4272
What is the greatest common divisor of 2668 and 8634315?
667
Calculate the highest common factor of 766185 and 3045.
105
Calculate the highest common divisor of 130022090 and 110.
110
Calculate the greatest common divisor of 10108 and 7498008.
532
What is the highest common divisor of 12 and 93943254?
6
What is the greatest common factor of 7083 and 817623?
9
Calculate the highest common divisor of 268367 and 556409.
787
What is the greatest common divisor of 3736923 and 29563?
799
Calculate the highest common divisor of 118040 and 182520.
520
Calculate the greatest common divisor of 25481048 and 226.
226
Calculate the greatest common divisor of 153468 and 1624938.
294
Calculate the greatest common divisor of 41055 and 2574390.
2415
Calculate the highest common divisor of 12 and 429873.
3
Calculate the greatest common divisor of 867907960 and 5072.
2536
What is the highest common divisor of 141144 and 11064?
24
Calculate the greatest common factor of 19320 and 26157670.
1610
What is the highest common divisor of 10690217 and 3116?
779
What is the greatest common divisor of 200 and 734176?
8
Calculate the greatest common divisor of 2730942 and 15516.
18
Calculate the highest common factor of 80935521 and 136.
17
Calculate the greatest common divisor of 75221 and 238222.
19
Calculate the highest common factor of 8264336 and 944.
16
What is the highest common factor of 375701586 and 195?
39
What is the greatest common divisor of 4528 and 124288?
16
Calculate the greatest common factor of 40817 and 721.
7
What is the greatest common divisor of 438672 and 49932?
228
What is the highest common factor of 33 and 616213323?
33
What is the highest common factor of 132 and 32385540?
132
What is the highest common factor of 307482 and 161826?
42
Calculate the highest common divisor of 1834796920 and 33760.
8440
Calculate the greatest common divisor of 119694248 and 40.
8
What is the highest common divisor of 581 and 22766402?
83
What is the highest common divisor of 477 and 4133523?
159
Calculate the greatest common factor of 86316 and 606.
6
What is the highest common factor of 8514746 and 976?
122
What is the highest common factor of 1064 and 3211418?
266
Calculate the greatest common divisor of 597102130 and 7460.
3730
Calculate the highest common divisor of 18 and 1085703.
3
Calculate the greatest common divisor of 471611 and 178.
89
Calculate the highest common factor of 3196 and 1740664.
68
Calculate the greatest common divisor of 6 and 93172566.
6
Calculate the highest common factor of 13435478 and 266.
14
What is the highest common factor of 21248 and 1444?
4
Calculate the highest common factor of 61214 and 144526.
254
Calculate the greatest common divisor of 130 and 955149585.
65
Calculate the greatest common factor of 180 and 93573684.
36
What is the highest common divisor of 321074453 and 28?
7
What is the greatest common divisor of 416 and 161863904?
32
What is the greatest common divisor of 410184588 and 1059?
1059
What is the highest common divisor of 3 and 302558493?
3
What is the highest common divisor of 3112 and 252704?
8
What is the greatest common factor of 106514434 and 156?
26
Calculate the greatest common divisor of 1750308 and 93300.
3732
Calculate the greatest common factor of 145555 and 618985.
215
Calculate the highest common factor of 16989 and 177812537.
5663
What is the greatest common factor of 1740 and 177740040?
60
Calculate the highest common factor of 26892 and 471108.
996
What is the greatest common divisor of 102480 and 640?
80
What is the greatest common factor of 611709 and 63?
21
What is the greatest common divisor of 2409 and 2666213?
11
What is the greatest common divisor of 293190 and 190965?
435
Calculate the highest common factor of 1343183139 and 3708.
927
What is the greatest common factor of 10110 and 2058?
6
What is the highest common factor of 554273 and 155143?
167
What is the highest common divisor of 255190 and 4290?
130
Calculate the greatest common factor of 220407056 and 16.
16
What is the greatest common divisor of 1685 and 561795?
5
What is the greatest common divisor of 21870 and 183465?
1215
What is the highest common divisor of 35548 and 1068?
4
What is the highest common factor of 18 and 7767153?
9
What is the highest common factor of 302331 and 11823?
1689
Calculate the greatest common divisor of 9554573 and 34202.
2443
Calculate the highest common factor of 56 and 3909424.
8
Calculate the highest common divisor of 37763112 and 648.
24
What is the greatest common divisor of 9695140 and 2015?
65
What is the highest common divisor of 3414836 and 1674?
62
What is the highest common divisor of 2339456 and 1746752?
3136
Calculate the highest common factor of 23581325 and 1035.
115
What is the greatest common divisor of 3980270 and 250?
10
Calculate the highest common factor of 168003 and 5841.
99
Calculate the high